{"id":666,"date":"2026-02-27T14:52:34","date_gmt":"2026-02-27T17:52:34","guid":{"rendered":"https:\/\/amazingrjtour.com.br\/?post_type=product&#038;p=666"},"modified":"2026-02-27T14:55:15","modified_gmt":"2026-02-27T17:55:15","slug":"passeio-a-pe-por-copenhague","status":"publish","type":"product","link":"https:\/\/amazingrjtour.com.br\/?product=passeio-a-pe-por-copenhague","title":{"rendered":"Passeio a p\u00e9 por Copenhague"},"content":{"rendered":"<h4><strong>Que inclui?<\/strong><\/h4>\n<ul>\n<li>Guia tur\u00edstico<\/li>\n<li>Passeio a p\u00e9<\/li>\n<\/ul>\n<h4><strong>Itiner\u00e1rio<\/strong><\/h4>\n<ul>\n<li>Mergulhe na atmosfera vibrante de Copenhague com uma visita guiada.<\/li>\n<li>Aventure-se fora dos roteiros tur\u00edsticos tradicionais para explorar pontos tur\u00edsticos e locais menos conhecidos.<\/li>\n<li>Admire os principais monumentos da cidade e descubra seu significado cultural.<\/li>\n<li>Aprenda a hist\u00f3ria de cada esquina com os coment\u00e1rios do seu guia.<\/li>\n<li>Descubra uma nova perspectiva sobre a capital dinamarquesa e sua cultura.<\/li>\n<\/ul>\n","protected":false},"excerpt":{"rendered":"<p>Nossos guias locais especializados compartilhar\u00e3o sua paix\u00e3o por Copenhague com voc\u00ea e revelar\u00e3o seus pontos tur\u00edsticos mais ic\u00f4nicos. O passeio a p\u00e9 por Copenhague come\u00e7a em nosso ponto de encontro central. Voc\u00ea conhecer\u00e1 os destaques hist\u00f3ricos e as del\u00edcias culturais de Copenhague neste passeio.<br \/>\nCom um guia experiente, maravilhe-se com as casas pitorescas no colorido bairro \u00e0 beira do canal de Nyhavn e veja outros destaques, como a pra\u00e7a medieval de Amagertorv ou o Pal\u00e1cio de Christiansborg, sede do parlamento dinamarqu\u00eas. Em seguida, visite os pontos tur\u00edsticos mais reconhecidos da capital dinamarquesa e saia dos roteiros tur\u00edsticos tradicionais para descobrir joias escondidas nos bairros menos conhecidos da cidade.<\/p>\n","protected":false},"featured_media":667,"comment_status":"open","ping_status":"closed","template":"","meta":{"site-sidebar-layout":"default","site-content-layout":"default","ast-site-content-layout":"default","site-content-style":"default","site-sidebar-style":"default","ast-global-header-display":"","ast-banner-title-visibility":"","ast-main-header-display":"","ast-hfb-above-header-display":"","ast-hfb-below-header-display":"","ast-hfb-mobile-header-display":"","site-post-title":"","ast-breadcrumbs-content":"","ast-featured-img":"","footer-sml-layout":"","ast-disable-related-posts":"","theme-transparent-header-meta":"default","adv-header-id-meta":"","stick-header-meta":"","header-above-stick-meta":"","header-main-stick-meta":"","header-below-stick-meta":"","astra-migrate-meta-layouts":"set","ast-page-background-enabled":"default","ast-page-background-meta":{"desktop":{"background-color":"","background-image":"","background-repeat":"repeat","background-position":"center center","background-size":"auto","background-attachment":"scroll","background-type":"","background-media":"","overlay-type":"","overlay-color":"","overlay-opacity":"","overlay-gradient":""},"tablet":{"background-color":"","background-image":"","background-repeat":"repeat","background-position":"center center","background-size":"auto","background-attachment":"scroll","background-type":"","background-media":"","overlay-type":"","overlay-color":"","overlay-opacity":"","overlay-gradient":""},"mobile":{"background-color":"","background-image":"","background-repeat":"repeat","background-position":"center center","background-size":"auto","background-attachment":"scroll","background-type":"","background-media":"","overlay-type":"","overlay-color":"","overlay-opacity":"","overlay-gradient":""}},"ast-content-background-meta":{"desktop":{"background-color":"var(--ast-global-color-5)","background-image":"","background-repeat":"repeat","background-position":"center center","background-size":"auto","background-attachment":"scroll","background-type":"","background-media":"","overlay-type":"","overlay-color":"","overlay-opacity":"","overlay-gradient":""},"tablet":{"background-color":"var(--ast-global-color-5)","background-image":"","background-repeat":"repeat","background-position":"center center","background-size":"auto","background-attachment":"scroll","background-type":"","background-media":"","overlay-type":"","overlay-color":"","overlay-opacity":"","overlay-gradient":""},"mobile":{"background-color":"var(--ast-global-color-5)","background-image":"","background-repeat":"repeat","background-position":"center center","background-size":"auto","background-attachment":"scroll","background-type":"","background-media":"","overlay-type":"","overlay-color":"","overlay-opacity":"","overlay-gradient":""}}},"product_brand":[],"product_cat":[23],"product_tag":[],"class_list":{"0":"post-666","1":"product","2":"type-product","3":"status-publish","4":"has-post-thumbnail","6":"product_cat-dinamarca","7":"desktop-align-left","8":"tablet-align-left","9":"mobile-align-left","11":"first","12":"instock","13":"shipping-taxable","14":"product-type-simple"},"_links":{"self":[{"href":"https:\/\/amazingrjtour.com.br\/index.php?rest_route=\/wp\/v2\/product\/666","targetHints":{"allow":["GET"]}}],"collection":[{"href":"https:\/\/amazingrjtour.com.br\/index.php?rest_route=\/wp\/v2\/product"}],"about":[{"href":"https:\/\/amazingrjtour.com.br\/index.php?rest_route=\/wp\/v2\/types\/product"}],"replies":[{"embeddable":true,"href":"https:\/\/amazingrjtour.com.br\/index.php?rest_route=%2Fwp%2Fv2%2Fcomments&post=666"}],"wp:featuredmedia":[{"embeddable":true,"href":"https:\/\/amazingrjtour.com.br\/index.php?rest_route=\/wp\/v2\/media\/667"}],"wp:attachment":[{"href":"https:\/\/amazingrjtour.com.br\/index.php?rest_route=%2Fwp%2Fv2%2Fmedia&parent=666"}],"wp:term":[{"taxonomy":"product_brand","embeddable":true,"href":"https:\/\/amazingrjtour.com.br\/index.php?rest_route=%2Fwp%2Fv2%2Fproduct_brand&post=666"},{"taxonomy":"product_cat","embeddable":true,"href":"https:\/\/amazingrjtour.com.br\/index.php?rest_route=%2Fwp%2Fv2%2Fproduct_cat&post=666"},{"taxonomy":"product_tag","embeddable":true,"href":"https:\/\/amazingrjtour.com.br\/index.php?rest_route=%2Fwp%2Fv2%2Fproduct_tag&post=666"}],"curies":[{"name":"wp","href":"https:\/\/api.w.org\/{rel}","templated":true}]}}